{"id":71,"date":"2021-04-04T17:19:12","date_gmt":"2021-04-04T15:19:12","guid":{"rendered":"http:\/\/www.imkerei-sauerland.de\/?page_id=71"},"modified":"2025-05-23T18:24:31","modified_gmt":"2025-05-23T16:24:31","slug":"unser-schleudermobil","status":"publish","type":"page","link":"https:\/\/www.imkerei-sauerland.de\/?page_id=71","title":{"rendered":"Unser Schleudermobil"},"content":{"rendered":"\n<p class=\"has-large-font-size\">Honig schleudern<\/p>\n\n\n\n<p class=\"has-medium-font-size\">Unser Schleudermobil ist mit einer <strong>12-Waben-Schleuder<\/strong> der Firma Hamag ausgestattet, in der die Waben waagerecht hineingelegt werden. Durch Unterdruck wird der Honig herausgesaugt, wodurch ein <strong>wabenschonendes Schleudern<\/strong> erm\u00f6glicht wird und es zu keinem Wabenbruch kommt. Bei Bedarf kann durch den Einsatz eines Dampferzeugers mit dieser Schleuder sogar Melezitosehonig gewonnen werden.<br>Um den geschleuderten Honig aufzufangen, befindet sich im Schleudermobil auch ein 200 Liter Fass.<br>Nach dem Schleudern haben Sie zudem die M\u00f6glichkeit den gewonnenen Honig einfach und schnell mit der Maschine zu sieben, um die noch \u00fcbrigen Wachsanteile aus dem Honig zu bekommen. Zum Schluss kann im gleichen Sieb der Entdeckelungswachs ausgeschleudert werden, wodurch der Honigertrag gesteigert werden kann.<\/p>\n\n\n\n<p class=\"has-large-font-size\">Honig abf\u00fcllen<\/p>\n\n\n\n<p class=\"has-medium-font-size\">Das Schleudermobil kann auch zur Honigverarbeitung gemietet werden. Ausgestattet mit einer <strong>Industrie-Sp\u00fclmaschine<\/strong> k\u00f6nnen in einem 3-min\u00fctigen Sp\u00fclgang 16 Gl\u00e4ser \u00e0 500 g vorbereitet werden. Zum R\u00fchren des gewonnen Honigs sind zwei Bohrmaschinen mit einem <strong>Rapido- und einem Doppelfl\u00fcgel-R\u00fchrer<\/strong> vorhanden. Das Abf\u00fcllen kann bei kleinen Mengen mit einem Abf\u00fclleimer oder bei gr\u00f6\u00dferen Mengen mit unserer <strong>Abf\u00fcllanlage <\/strong>durchgef\u00fchrt werden.<\/p>\n\n\n\n<p class=\"has-large-font-size\">Waben einschmelzen<\/p>\n\n\n\n<p class=\"has-medium-font-size\">Zum Waben Einschmelzen kann die Hamag-Schleuder zu einer Wachsschleuder umgebaut werden, wobei dann ein Dampferzeuger mit 6 KW Leistung angeschlossen wird. Die Waben werden beim Einschmelzen gleich mitgeschleudert, so dass man ca. <strong>95% des Wachses gewinnen<\/strong> kann. Durch ein eingebautes Sieb bekommen Sie gleich <strong>sauberes, goldgelbes Wachs<\/strong> aus der Schleuder. Da die Maschine \u00fcber zwei K\u00f6rbe verf\u00fcgt, kann man durchgehend arbeiten und <strong>in einer Stunde mehr als 50 Waben einschmelzen<\/strong>.<\/p>\n\n\n\n<p class=\"has-large-font-size\">&#8230; und was ist noch dabei?<\/p>\n\n\n\n<p class=\"has-medium-font-size\">Das Schleudermobil ist ausgestattet mit einem 120 x 60 cm gro\u00dfen <strong>Entdeckelungstisch<\/strong>, der in der H\u00f6he benutzerfreundlich eingestellt werden kann. Hier kann man auch bequem mit zwei Personen den Honig entdeckeln.<br>Zudem sind <strong>zwei Entdeckelungsgabeln<\/strong>, ein <strong>Refraktometer <\/strong>zur Messung des Wassergehalts, <strong>ein grobes und ein feines Sieb<\/strong> vorhanden.<br>Ein <strong>Luftentfeuchter <\/strong>sorgt im Schleudermobil f\u00fcr die passende Luftfeuchtigkeit zur Honiggewinnung.<\/p>\n\n\n\n<p class=\"has-large-font-size\">&#8230; und was ist noch wichtig?<\/p>\n\n\n\n<p class=\"has-medium-font-size\">M\u00f6chten Sie den Wagen mieten, dann bringen wir Ihnen den Wagen, stellen ihn auf, weisen Sie ein und nach getaner Arbeit holen wir ihn wieder ab und reinigen ihn.<br>Zum Betrieb des Schleudermobils ben\u00f6tigen Sie einen <strong>230-Volt-Stecker oder einen 16-Amper-Stecker<\/strong> und einen <strong>Trinkwasseranschluss<\/strong>. Alternativ k\u00f6nnen wir Ihnen unser Notstromaggregat zur Verf\u00fcgung stellen.<br>F\u00fcr den <strong>Standplatz <\/strong>ben\u00f6tigen Sie eine Fl\u00e4che von minimal 554 x 241 cm und eine H\u00f6he von 268 cm. Der Platz sollte <strong>problemlos mit Auto und Anh\u00e4nger erreichbar<\/strong> sein. Au\u00dferdem ist eine m\u00f6glichst ebene Standfl\u00e4che von Vorteil, um im Mobil optimal arbeiten zu k\u00f6nnen. Sollten Sie \u00fcber diese Gegebenheiten nicht verf\u00fcgen, k\u00f6nnen Sie das Schleudermobil auch gerne bei uns vor Ort nutzen.<\/p>\n\n\n\n<p class=\"has-large-font-size\">Preise und Mietbedingungen<\/p>\n\n\n\n<p class=\"has-medium-font-size\">Wenn Sie unser <strong>Schleudermobil<\/strong> mieten m\u00f6chten, erstellen wir Ihnen gerne ein individuelles Angebot. Daf\u00fcr ben\u00f6tigen wir einige Angaben:<\/p>\n\n\n\n<ul class=\"wp-block-list\">\n<li>M\u00f6chten Sie das Schleudermobil f\u00fcr <strong>einen Tag<\/strong> oder ein <strong>ganzes Wochenende<\/strong> mieten?<\/li>\n\n\n\n<li><strong>Wohin<\/strong> sollen wir es liefern?<\/li>\n\n\n\n<li>Planen Sie, <strong>Honig zu schleudern<\/strong> oder <strong>Waben einzuschmelzen<\/strong>?<\/li>\n\n\n\n<li>M\u00f6chten Sie <strong>autark am Bienenstand<\/strong> oder lieber <strong>bei Ihnen zu Hause<\/strong> schleudern?<\/li>\n<\/ul>\n\n\n\n<p>Wir statten das Schleudermobil ganz nach Ihren Bed\u00fcrfnissen aus.<\/p>\n\n\n\n<p>Kontaktieren Sie uns einfach per E-Mail oder Telefon \u2013 wir unterbreiten Ihnen ein pers\u00f6nliches Angebot und vereinbaren gemeinsam einen passenden Termin f\u00fcr den Einsatz.<\/p>\n\n\n\n<div class=\"wp-block-group\"><div class=\"wp-block-group__inner-container is-layout-constrained wp-block-group-is-layout-constrained\">\n<figure class=\"wp-block-gallery has-nested-images columns-3 is-cropped wp-block-gallery-1 is-layout-flex wp-block-gallery-is-layout-flex\">\n<figure class=\"wp-block-image size-large\"><img loading=\"lazy\" decoding=\"async\" width=\"1024\" height=\"762\" data-id=\"72\" src=\"https:\/\/www.imkerei-sauerland.de\/wp-content\/uploads\/2021\/02\/Schleuderwagen_4-1024x762.jpg\" alt=\"Das Schleudermobil\" class=\"wp-image-72\" srcset=\"https:\/\/www.imkerei-sauerland.de\/wp-content\/uploads\/2021\/02\/Schleuderwagen_4-1024x762.jpg 1024w, https:\/\/www.imkerei-sauerland.de\/wp-content\/uploads\/2021\/02\/Schleuderwagen_4-300x223.jpg 300w, https:\/\/www.imkerei-sauerland.de\/wp-content\/uploads\/2021\/02\/Schleuderwagen_4-768x571.jpg 768w, https:\/\/www.imkerei-sauerland.de\/wp-content\/uploads\/2021\/02\/Schleuderwagen_4-1536x1142.jpg 1536w, https:\/\/www.imkerei-sauerland.de\/wp-content\/uploads\/2021\/02\/Schleuderwagen_4-2048x1523.jpg 2048w\" sizes=\"auto, (max-width: 1024px) 100vw, 1024px\" \/><figcaption class=\"wp-element-caption\">Das Schleudermobil<\/figcaption><\/figure>\n\n\n\n<figure class=\"wp-block-image size-large\"><img loading=\"lazy\" decoding=\"async\" width=\"1024\" height=\"752\" data-id=\"73\" src=\"https:\/\/www.imkerei-sauerland.de\/wp-content\/uploads\/2021\/02\/Schleuderwagen_5-1024x752.jpg\" alt=\"Entdeckelungstisch\" class=\"wp-image-73\" srcset=\"https:\/\/www.imkerei-sauerland.de\/wp-content\/uploads\/2021\/02\/Schleuderwagen_5-1024x752.jpg 1024w, https:\/\/www.imkerei-sauerland.de\/wp-content\/uploads\/2021\/02\/Schleuderwagen_5-300x220.jpg 300w, https:\/\/www.imkerei-sauerland.de\/wp-content\/uploads\/2021\/02\/Schleuderwagen_5-768x564.jpg 768w, https:\/\/www.imkerei-sauerland.de\/wp-content\/uploads\/2021\/02\/Schleuderwagen_5-1536x1128.jpg 1536w, https:\/\/www.imkerei-sauerland.de\/wp-content\/uploads\/2021\/02\/Schleuderwagen_5-2048x1504.jpg 2048w\" sizes=\"auto, (max-width: 1024px) 100vw, 1024px\" \/><figcaption class=\"wp-element-caption\">Der Entdeckelungstisch<\/figcaption><\/figure>\n\n\n\n<figure class=\"wp-block-image size-large\"><img loading=\"lazy\" decoding=\"async\" width=\"1024\" height=\"871\" data-id=\"77\" src=\"https:\/\/www.imkerei-sauerland.de\/wp-content\/uploads\/2021\/03\/Schleuderwagen_6-1024x871.jpg\" alt=\"Der Innenraum\" class=\"wp-image-77\" srcset=\"https:\/\/www.imkerei-sauerland.de\/wp-content\/uploads\/2021\/03\/Schleuderwagen_6-1024x871.jpg 1024w, https:\/\/www.imkerei-sauerland.de\/wp-content\/uploads\/2021\/03\/Schleuderwagen_6-300x255.jpg 300w, https:\/\/www.imkerei-sauerland.de\/wp-content\/uploads\/2021\/03\/Schleuderwagen_6-768x653.jpg 768w, https:\/\/www.imkerei-sauerland.de\/wp-content\/uploads\/2021\/03\/Schleuderwagen_6-1536x1306.jpg 1536w, https:\/\/www.imkerei-sauerland.de\/wp-content\/uploads\/2021\/03\/Schleuderwagen_6-2048x1741.jpg 2048w\" sizes=\"auto, (max-width: 1024px) 100vw, 1024px\" \/><figcaption class=\"wp-element-caption\">Der Innenraum<\/figcaption><\/figure>\n\n\n\n<figure class=\"wp-block-image size-large\"><img loading=\"lazy\" decoding=\"async\" width=\"1024\" height=\"624\" data-id=\"184\" src=\"https:\/\/www.imkerei-sauerland.de\/wp-content\/uploads\/2023\/02\/Schleudermobil_2-1024x624.jpg\" alt=\"\" class=\"wp-image-184\" srcset=\"https:\/\/www.imkerei-sauerland.de\/wp-content\/uploads\/2023\/02\/Schleudermobil_2-1024x624.jpg 1024w, https:\/\/www.imkerei-sauerland.de\/wp-content\/uploads\/2023\/02\/Schleudermobil_2-300x183.jpg 300w, https:\/\/www.imkerei-sauerland.de\/wp-content\/uploads\/2023\/02\/Schleudermobil_2-768x468.jpg 768w, https:\/\/www.imkerei-sauerland.de\/wp-content\/uploads\/2023\/02\/Schleudermobil_2-1536x937.jpg 1536w, https:\/\/www.imkerei-sauerland.de\/wp-content\/uploads\/2023\/02\/Schleudermobil_2-2048x1249.jpg 2048w\" sizes=\"auto, (max-width: 1024px) 100vw, 1024px\" \/><figcaption class=\"wp-element-caption\">Das Schleudermobil im Einsatz, autark im Wald. <\/figcaption><\/figure>\n<\/figure>\n<\/div><\/div>\n\n\n\n<p class=\"has-medium-font-size\">Hier k\u00f6nnen Sie unseren Flyer des Schleudermobils herunterladen:<\/p>\n\n\n\n<div class=\"wp-block-buttons is-layout-flex wp-block-buttons-is-layout-flex\">\n<div class=\"wp-block-button\"><a class=\"wp-block-button__link wp-element-button\" href=\"http:\/\/www.imkerei-sauerland.de\/wp-content\/uploads\/2021\/04\/Flyer_Imkerei-Sauerland.pdf\" target=\"_blank\" rel=\"noreferrer noopener\">Flyer Schleudermobil<\/a><\/div>\n<\/div>\n","protected":false},"excerpt":{"rendered":"<p>Honig schleudern Unser Schleudermobil ist mit einer 12-Waben-Schleuder der Firma Hamag ausgestattet, in der die Waben waagerecht hineingelegt werden. Durch Unterdruck wird der Honig herausgesaugt, wodurch ein wabenschonendes Schleudern erm\u00f6glicht wird und es zu keinem Wabenbruch kommt. Bei Bedarf kann durch den Einsatz eines Dampferzeugers mit dieser Schleuder sogar Melezitosehonig gewonnen werden.Um den geschleuderten HonigContinue reading &rarr;<\/p>\n","protected":false},"author":2,"featured_media":218,"parent":0,"menu_order":0,"comment_status":"closed","ping_status":"closed","template":"","meta":{"footnotes":""},"class_list":["post-71","page","type-page","status-publish","has-post-thumbnail","hentry","has-thumb"],"_links":{"self":[{"href":"https:\/\/www.imkerei-sauerland.de\/index.php?rest_route=\/wp\/v2\/pages\/71","targetHints":{"allow":["GET"]}}],"collection":[{"href":"https:\/\/www.imkerei-sauerland.de\/index.php?rest_route=\/wp\/v2\/pages"}],"about":[{"href":"https:\/\/www.imkerei-sauerland.de\/index.php?rest_route=\/wp\/v2\/types\/page"}],"author":[{"embeddable":true,"href":"https:\/\/www.imkerei-sauerland.de\/index.php?rest_route=\/wp\/v2\/users\/2"}],"replies":[{"embeddable":true,"href":"https:\/\/www.imkerei-sauerland.de\/index.php?rest_route=%2Fwp%2Fv2%2Fcomments&post=71"}],"version-history":[{"count":13,"href":"https:\/\/www.imkerei-sauerland.de\/index.php?rest_route=\/wp\/v2\/pages\/71\/revisions"}],"predecessor-version":[{"id":256,"href":"https:\/\/www.imkerei-sauerland.de\/index.php?rest_route=\/wp\/v2\/pages\/71\/revisions\/256"}],"wp:featuredmedia":[{"embeddable":true,"href":"https:\/\/www.imkerei-sauerland.de\/index.php?rest_route=\/wp\/v2\/media\/218"}],"wp:attachment":[{"href":"https:\/\/www.imkerei-sauerland.de\/index.php?rest_route=%2Fwp%2Fv2%2Fmedia&parent=71"}],"curies":[{"name":"wp","href":"https:\/\/api.w.org\/{rel}","templated":true}]}}